= -11 - i. What is the units digit of h?
7
Suppose -s - 7 = -28. Suppose -y + s = -126. What is the tens digit of (-2)/6 + y/9?
1
Suppose -4*m + 19 = -3*m. Suppose 5*x - m = 26. What is the units digit of x?
9
Let t(s) = 4*s - 1. Let a be t(4). Suppose -72 + a = -3*z. What is the tens digit of z?
1
Suppose n - 72 = -9. What is the units digit of n?
3
Let n(d) = -10*d**3 - d**2. What is the units digit of n(-1)?
9
Let z(t) = -t**2 + 9*t - 2. Let q = -23 - -47. Suppose -c - 3*c = -q. What is the units digit of z(c)?
6
What is the tens digit of -15*(6/(-24) + 11/(-20))?
1
Suppose 4*v - 60 = -216. Let h = -9 - v. What is the tens digit of h?
3
Let m = -24 + 97. What is the tens digit of m?
7
Suppose 4 = s + 3*r - 2*r, 2*s = r - 4. Suppose u = 11 - s. What is the units digit of u?
1
Let a(h) = -h - 3. Let r be a(-2). Let d = 10 - r. What is the units digit of d?
1
Let r = 31 + -4. Let t = 52 - r. What is the tens digit of t?
2
Suppose q = -2*q + 198. What is the units digit of q?
6
Suppose -5*y = -10*y + 30. What is the units digit of y?
6
Let i(k) = 5*k + 1 + 0*k - 3*k. Let g = -3 + 4. What is the units digit of i(g)?
3
Let z(w) = w**3 - 23*w**2 - 18*w - 9. What is the tens digit of z(24)?
3
Let d = 9 + -4. Suppose 0*w + 5*w + 3*i = 194, -d*i = 10. Suppose 2*x - w = -0*x + 2*l, -2*x + 43 = l. What is the units digit of x?
1
Suppose 35 = 4*u - 45. Suppose -6*z + u = -z. What is the units digit of ((-7)/z)/((-2)/8)?
7
Suppose 3*l = 15, -340 = -g - 4*g + 3*l. What is the units digit of g?
1
Let m be (-108)/(-16) + 1/4. Suppose 4*t - 1 = 4*s + m, -5*t = 5*s + 10. Suppose t = -d + 6 + 6. What is the tens digit of d?
1
Let p be 60/4*(-8)/3. Let l = 57 + p. What is the units digit of l?
7
Let w(a) = a**3 + a**2 - 1. Let q be w(2). Suppose 13*s = q*s + 74. What is the units digit of s?
7
Let g(p) = p**3 - 6*p**2 + 5. Let s = 9 - 3. Let m be g(s). What is the tens digit of (2/3)/(m/135)?
1
Let b(l) = 2*l**2 + 11*l + 5. What is the units digit of b(-7)?
6
Let v be (-2)/(-7) - (-48)/28. What is the units digit of 25/2 + (-1)/v?
2
Let w(t) = 3*t**2 + 14*t - 4. Let o(c) = -7*c**2 - 27*c + 9. Let s(l) = -2*o(l) - 5*w(l). Let j be s(-8). What is the units digit of (-2)/8 - j/(-8)?
8
Let r(t) = -t**3 - 7*t**2 - 2*t + 1. What is the tens digit of r(-8)?
8
Let t be (-3)/(-12) + (-19)/(-4). Suppose 21 + 24 = t*i. Suppose -2*s + 9 = -i. What is the units digit of s?
9
Suppose 2*v = -4*r + 222, 2*v = -3*r + 71 + 93. Let j = r - 31. What is the tens digit of j?
2
Suppose -d = -4*d + 6. Suppose y - 46 = -n - y, 2*n - d*y = 86. Suppose 0 = u - 3*u - 5*c + 26, 2*c - n = -5*u. What is the units digit of u?
8
Let d(c) = -c + c**2 + 10*c - c**3 + 5*c**2 - 6. Let i be d(7). Let p = i - 4. What is the units digit of p?
4
Let k = 128 - 78. Suppose -14*u = -15*u + k. What is the tens digit of u?
5
Suppose 0 = b - u - 15, -4*u = -7 + 19. What is the tens digit of b?
1
Suppose 2*r - z - 3 - 10 = 0, -r - 6 = 2*z. Suppose -r*n + 7*n = 9. Suppose n*v + v = 28. What is the units digit of v?
7
Suppose 0*o = 5*o - 505. What is the tens digit of o?
0
Suppose 32 = 2*l - 76. What is the tens digit of l?
5
What is the units digit of 180/7 + 4/14?
6
Let r(k) = 8*k - 55. What is the tens digit of r(10)?
2
Let a(t) = t + 21. Let d be a(-11). What is the units digit of (-5)/(d/8) + 36?
2
Suppose -5*p + p = 40. Let c(k) = -k - 5. What is the units digit of c(p)?
5
Let h(j) = 21*j**2 - j + 2. What is the tens digit of h(1)?
2
Let u(g) = -g**2 - 2*g - 8. Let v be u(-7). Let j = v + 64. What is the units digit of j?
1
Suppose -7*a + 2 = i - 2*a, 10 = 5*i + 3*a. Suppose 0 = -x - 4*z - 10, -1 - i = z. Suppose 0 = -v + 1, -2*f + 3*v = 3*f - x. What is the units digit of f?
1
Let c = 63 + -45. What is the tens digit of c?
1
Let d(x) = 4 - x**2 - 1 - 3*x - x**2 + 0 + 2*x**3. What is the units digit of d(2)?
5
Let v(h) = 61*h + 33. What is the hundreds digit of v(3)?
2
Suppose -17*d = -15*d - 150. Suppose -n - d = -4*n. What is the tens digit of n?
2
Suppose 259 = 2*p + 5*i, -2*i - 266 = -2*p - 0*p. Suppose 61 = 2*d + 4*w - 35, -4*d + 4*w + p = 0. What is the tens digit of d?
3
Let l(y) = -3 + 2 + 0*y**2 - 2*y - 10*y**3 - y**2. What is the tens digit of l(-1)?
1
Suppose -4*x + 520 = x. Suppose -8*h + 4*h + x = 0. What is the units digit of h?
6
Suppose 5*o + q - 88 = -2*q, -12 = 3*q. What is the tens digit of o?
2
Let i = -7 - -17. Suppose i = 6*q - q. Suppose 65 = 3*u + q*u. What is the tens digit of u?
1
Let z be -2 - (-5)/((-5)/(-3)). What is the units digit of z/(0 + (-2)/(-22))?
1
Let k = 334 + -80. What is the units digit of k?
4
Let y be 3/((-8)/20 + 1). Suppose y*m - 8 = m. What is the units digit of m?
2
Let x be (-6)/21 - 37/(-7). Let n = x - 3. Suppose 30 = y + n*y. What is the units digit of y?
0
Let d = 8 + -12. Let t(l) = l**3 + 4*l**2 - 2*l - 3. Let u be t(d). Let p = 10 - u. What is the units digit of p?
5
Let y(k) = k**3 + 11*k**2 + 8*k - 12. Let z be y(-10). Let f be ((-6)/8)/((-1)/(-4)). Let o = f + z. What is the units digit of o?
5
Let u(q) = 2 + 0 - q - 3 - 6. What is the units digit of u(-8)?
1
Let b(w) = w**2 - 6*w - 7. Let r(m) = -3*m**2 + 18*m + 22. Let c(v) = -7*b(v) - 2*r(v). What is the units digit of c(6)?
5
Let d(g) = -g - 2. Let r be d(-2). Suppose 0 = 2*c + 4*p + p - 5, 5*c = -p + 24. Suppose r = 4*i - c - 3. What is the units digit of i?
2
Suppose -3*v = 2*c + 41, 4*c + 2*v + 93 = 7*v. Let l = 46 + c. What is the units digit of l?
4
Suppose -2*f - 48 = 2*s, -f = -4*f - s - 80. Let u = -9 - f. What is the tens digit of u?
1
Let h(t) = -9*t**3 - 4*t**2 - t. Let o be h(-3). What is the units digit of o/(-4)*(-16)/20?
2
Let p = 100 + -68. What is the units digit of p?
2
Let u = 12 + -6. What is the units digit of ((-26)/(-3))/(4/u)?
3
Suppose 0*f - 56 = -2*f. What is the tens digit of f?
2
Let k = -5 + 8. Let t = 51 - 49. Suppose 22 = 2*g + d, 3 = g + k*d + t. What is the units digit of g?
3
Let f(c) = 9*c + 2. Suppose n + n - 2*s = -2, n - 4*s + 10 = 0. What is the tens digit of f(n)?
2
Let n = -40 - -22. Let q = n - -26. What is the units digit of q?
8
Let a = 18 + -13. Let c(x) = 2*x**2 - 8*x + 7. What is the tens digit of c(a)?
1
Let y(j) = j**2 - j - 21. Let g be y(0). What is the units digit of g*(8/(-3))/4?
4
Let m be 18/15*1*5. Let f = 4 + m. What is the tens digit of f?
1
Suppose 4*v = -21 + 1. Let l = 7 + v. Suppose 5*r + 20 = 2*i, -l*r = i + 3*r - 10. What is the units digit of i?
0
Let f be (-4 - -28) + 4/(-2). Suppose f = -m + 2*m. What is the units digit of m?
2
Let x be (0 - -1 - 2)*0. Let s = 8 + -5. What is the units digit of (s + 0)/3 - x?
1
Suppose -2*j + 20 = 3*j. Suppose -28 = -3*f + m, -f = 4*m - j - 1. What is the units digit of f?
9
Suppose 3*p - 54 = -3*g, 6*g - 2*g - 4*p = 80. Let w = g + -11. What is the units digit of w?
8
Suppose 0 = 2*c + c + 12. What is the tens digit of 1 + c/(4/(-11))?
1
Let s = -26 - -36. Suppose -5*h - p = -18, 0 = -5*h - 3*p - p + 27. What is the tens digit of s - (6/h - 3)?
1
Suppose -4*q = -p - 25, -15 = 5*p + 10. Suppose q*j + 4*w = 70, -2*w - 10 + 0 = 0. What is the tens digit of j?
1
Let r(k) = -k**3 + 11*k**2 - 11*k + 12. Let g be r(10). Suppose 0*z - 4*z = -3*m + 29, 0 = g*m + 2*z + 4. What is the units digit of m?
3
Let i = -21 + 88. What is the units digit of i?
7
Suppose 3*h = 2*h + 6. Suppose -2*v + h*v - 2*n - 46 = 0, 0 = 3*v + n - 32. What is the tens digit of v?
1
Suppose -2*a + 52 = z, 2*a - 1 = -3*z + 59. Suppose 4*o - 92 = -a. What is the units digit of o?
7
Let u = -9 - -15. Let m be (u/4)/((-9)/(-12)). Suppose -m*y = 3*y - 20. What is the units digit of y?
4
Let z = -8 - -15. Let q = z - 1. What is the units digit of q?
6
Let i(j) = 18*j + 1. Let y be i(1). Suppose 4*q - y = -3*w, -4*q = -w - 2*q + 3. Suppose -d - x + 17 = 3*x, 3 = -w*d + 2*x. What is the units digit of d?
1
Suppose -3*o + 9 = -0. Suppose 20 = o*p + 2*p. What is the units digit of p?
4
Suppose 2*r - 111 = 5*r. Let c = r - -52. What is the tens digit of c?
1
Suppose m - c - 39 = c, m = -4*c + 63. What is the tens digit of m?
4
Let v(a) be the first derivative of 1 + 1/2*a**2 + 10*a. What is the units digit of v(-9)?
1
Let a be (3/(-2))/(1/(-10)). Suppose -a = -s + 1. What is the tens digit of s?
1
What is the units digit of -1 + (-1 